{"id":116,"date":"2025-05-30T14:12:49","date_gmt":"2025-05-30T14:12:49","guid":{"rendered":"https:\/\/wertpapierprospekt.com\/?page_id=116"},"modified":"2025-07-29T18:05:53","modified_gmt":"2025-07-29T18:05:53","slug":"ueber-uns","status":"publish","type":"page","link":"https:\/\/wertpapierprospekt.com\/index.php\/ueber-uns\/","title":{"rendered":"\u00dcber Uns"},"content":{"rendered":"\n<div class=\"wp-block-group alignfull is-style-section-5 has-contrast-color has-base-background-color has-text-color has-background has-link-color wp-elements-9d47c33d6894872ce12c49f905abf15c is-layout-constrained wp-block-group-is-layout-constrained\" style=\"margin-top:0;margin-bottom:0;padding-top:var(--wp--preset--spacing--50);padding-bottom:var(--wp--preset--spacing--50)\">\n<div class=\"wp-block-columns alignwide is-layout-flex wp-container-core-columns-is-layout-7ee84d44 wp-block-columns-is-layout-flex\">\n<div class=\"wp-block-column is-vertically-aligned-center is-layout-flow wp-block-column-is-layout-flow\" style=\"flex-basis:50%\">\n<h1 class=\"wp-block-heading\">Unser Team<\/h1>\n\n\n\n<p class=\"has-medium-font-size\">Wir arbeiten mit einem Team von langj\u00e4hrig erfahrenen Anw\u00e4lten, Wirtschaftspr\u00fcfern und Finanzexperten, das sich je nach der Herausforderung, die wir von Ihnen gestellt bekommen, neu und individuell optimiert formiert, um Ihren Bed\u00fcrfnissen in bestm\u00f6glicher Art und Weise entgegenzukommen und zu entsprechen.<\/p>\n\n\n\n<div class=\"wp-block-buttons is-layout-flex wp-block-buttons-is-layout-flex\">\n<div class=\"wp-block-button\"><a class=\"wp-block-button__link has-base-color has-custom-akzent-1-background-color has-text-color has-background has-link-color wp-element-button\" href=\"https:\/\/wertpapierprospekt.com\/index.php\/kontakt\/\">Kontaktieren Sie uns<\/a><\/div>\n<\/div>\n<\/div>\n\n\n\n<div class=\"wp-block-column is-vertically-aligned-center is-layout-flow wp-block-column-is-layout-flow\" style=\"flex-basis:50%\">\n<figure class=\"wp-block-image size-full\"><img data-recalc-dims=\"1\" fetchpriority=\"high\" decoding=\"async\" width=\"1310\" height=\"1574\" src=\"https:\/\/i0.wp.com\/wertpapierprospekt.com\/wp-content\/uploads\/2025\/05\/wertpapierprospekt_FAQ-scaled-e1748610619725.jpg?resize=1310%2C1574&#038;ssl=1\" alt=\"\" class=\"wp-image-99\" style=\"aspect-ratio:1;object-fit:cover\" srcset=\"https:\/\/i0.wp.com\/wertpapierprospekt.com\/wp-content\/uploads\/2025\/05\/wertpapierprospekt_FAQ-scaled-e1748610619725.jpg?w=1310&amp;ssl=1 1310w, https:\/\/i0.wp.com\/wertpapierprospekt.com\/wp-content\/uploads\/2025\/05\/wertpapierprospekt_FAQ-scaled-e1748610619725.jpg?resize=250%2C300&amp;ssl=1 250w, https:\/\/i0.wp.com\/wertpapierprospekt.com\/wp-content\/uploads\/2025\/05\/wertpapierprospekt_FAQ-scaled-e1748610619725.jpg?resize=852%2C1024&amp;ssl=1 852w, https:\/\/i0.wp.com\/wertpapierprospekt.com\/wp-content\/uploads\/2025\/05\/wertpapierprospekt_FAQ-scaled-e1748610619725.jpg?resize=768%2C923&amp;ssl=1 768w, https:\/\/i0.wp.com\/wertpapierprospekt.com\/wp-content\/uploads\/2025\/05\/wertpapierprospekt_FAQ-scaled-e1748610619725.jpg?resize=1278%2C1536&amp;ssl=1 1278w\" sizes=\"(max-width: 1000px) 100vw, 1000px\" \/><\/figure>\n<\/div>\n<\/div>\n<\/div>\n\n\n\n<div style=\"height:100px\" aria-hidden=\"true\" class=\"wp-block-spacer\"><\/div>\n","protected":false},"excerpt":{"rendered":"<p>Unser Team Wir arbeiten mit einem Team von langj\u00e4hrig erfahrenen Anw\u00e4lten, Wirtschaftspr\u00fcfern und Finanzexperten, das sich je nach der Herausforderung, [&hellip;]<\/p>\n","protected":false},"author":2,"featured_media":0,"parent":0,"menu_order":0,"comment_status":"closed","ping_status":"closed","template":"","meta":{"site-sidebar-layout":"default","site-content-layout":"","ast-site-content-layout":"default","site-content-style":"default","site-sidebar-style":"default","ast-global-header-display":"","ast-banner-title-visibility":"","ast-main-header-display":"","ast-hfb-above-header-display":"","ast-hfb-below-header-display":"","ast-hfb-mobile-header-display":"","site-post-title":"disabled","ast-breadcrumbs-content":"","ast-featured-img":"","footer-sml-layout":"","theme-transparent-header-meta":"","adv-header-id-meta":"","stick-header-meta":"","header-above-stick-meta":"","header-main-stick-meta":"","header-below-stick-meta":"","astra-migrate-meta-layouts":"default","ast-page-background-enabled":"default","ast-page-background-meta":{"desktop":{"background-color":"var(--ast-global-color-5)","background-image":"","background-repeat":"repeat","background-position":"center center","background-size":"auto","background-attachment":"scroll","background-type":"","background-media":"","overlay-type":"","overlay-color":"","overlay-opacity":"","overlay-gradient":""},"tablet":{"background-color":"","background-image":"","background-repeat":"repeat","background-position":"center center","background-size":"auto","background-attachment":"scroll","background-type":"","background-media":"","overlay-type":"","overlay-color":"","overlay-opacity":"","overlay-gradient":""},"mobile":{"background-color":"","background-image":"","background-repeat":"repeat","background-position":"center center","background-size":"auto","background-attachment":"scroll","background-type":"","background-media":"","overlay-type":"","overlay-color":"","overlay-opacity":"","overlay-gradient":""}},"ast-content-background-meta":{"desktop":{"background-color":"var(--ast-global-color-4)","background-image":"","background-repeat":"repeat","background-position":"center center","background-size":"auto","background-attachment":"scroll","background-type":"","background-media":"","overlay-type":"","overlay-color":"","overlay-opacity":"","overlay-gradient":""},"tablet":{"background-color":"var(--ast-global-color-4)","background-image":"","background-repeat":"repeat","background-position":"center center","background-size":"auto","background-attachment":"scroll","background-type":"","background-media":"","overlay-type":"","overlay-color":"","overlay-opacity":"","overlay-gradient":""},"mobile":{"background-color":"var(--ast-global-color-4)","background-image":"","background-repeat":"repeat","background-position":"center center","background-size":"auto","background-attachment":"scroll","background-type":"","background-media":"","overlay-type":"","overlay-color":"","overlay-opacity":"","overlay-gradient":""}},"footnotes":""},"class_list":["post-116","page","type-page","status-publish","hentry"],"_links":{"self":[{"href":"https:\/\/wertpapierprospekt.com\/index.php\/wp-json\/wp\/v2\/pages\/116","targetHints":{"allow":["GET"]}}],"collection":[{"href":"https:\/\/wertpapierprospekt.com\/index.php\/wp-json\/wp\/v2\/pages"}],"about":[{"href":"https:\/\/wertpapierprospekt.com\/index.php\/wp-json\/wp\/v2\/types\/page"}],"author":[{"embeddable":true,"href":"https:\/\/wertpapierprospekt.com\/index.php\/wp-json\/wp\/v2\/users\/2"}],"replies":[{"embeddable":true,"href":"https:\/\/wertpapierprospekt.com\/index.php\/wp-json\/wp\/v2\/comments?post=116"}],"version-history":[{"count":8,"href":"https:\/\/wertpapierprospekt.com\/index.php\/wp-json\/wp\/v2\/pages\/116\/revisions"}],"predecessor-version":[{"id":438,"href":"https:\/\/wertpapierprospekt.com\/index.php\/wp-json\/wp\/v2\/pages\/116\/revisions\/438"}],"wp:attachment":[{"href":"https:\/\/wertpapierprospekt.com\/index.php\/wp-json\/wp\/v2\/media?parent=116"}],"curies":[{"name":"wp","href":"https:\/\/api.w.org\/{rel}","templated":true}]}}